ainder when 64 is divided by 59.
5
What is the remainder when 6525 is divided by 23?
16
Calculate the remainder when 157 is divided by 80.
77
Calculate the remainder when 256 is divided by 56.
32
Calculate the remainder when 65 is divided by 31.
3
Calculate the remainder when 472 is divided by 80.
72
Calculate the remainder when 321 is divided by 44.
13
Calculate the remainder when 299 is divided by 29.
9
Calculate the remainder when 175 is divided by 95.
80
Calculate the remainder when 647 is divided by 174.
125
What is the remainder when 54 is divided by 18?
0
Calculate the remainder when 544 is divided by 42.
40
What is the remainder when 71 is divided by 18?
17
What is the remainder when 1742 is divided by 5?
2
What is the remainder when 199 is divided by 50?
49
What is the remainder when 322 is divided by 108?
106
Calculate the remainder when 374 is divided by 195.
179
Calculate the remainder when 254 is divided by 65.
59
What is the remainder when 263 is divided by 51?
8
Calculate the remainder when 299 is divided by 72.
11
What is the remainder when 298 is divided by 20?
18
Calculate the remainder when 1310 is divided by 23.
22
What is the remainder when 3023 is divided by 25?
23
Calculate the remainder when 182 is divided by 46.
44
Calculate the remainder when 27318 is divided by 33.
27
What is the remainder when 44 is divided by 38?
6
What is the remainder when 699 is divided by 25?
24
What is the remainder when 1535 is divided by 88?
39
Calculate the remainder when 728 is divided by 12.
8
What is the remainder when 93 is divided by 32?
29
Calculate the remainder when 1268 is divided by 324.
296
What is the remainder when 1443 is divided by 241?
238
Calculate the remainder when 1629 is divided by 16.
13
What is the remainder when 114 is divided by 10?
4
Calculate the remainder when 192 is divided by 98.
94
What is the remainder when 996 is divided by 18?
6
What is the remainder when 97 is divided by 35?
27
What is the remainder when 5649 is divided by 25?
24
Calculate the remainder when 24019 is divided by 154.
149
Calculate the remainder when 5904 is divided by 7.
3
What is the remainder when 98 is divided by 14?
0
What is the remainder when 36 is divided by 10?
6
Calculate the remainder when 153 is divided by 33.
21
Calculate the remainder when 26 is divided by 6.
2
Calculate the remainder when 871 is divided by 12.
7
Calculate the remainder when 749 is divided by 188.
185
What is the remainder when 452 is divided by 74?
8
What is the remainder when 333 is divided by 5?
3
What is the remainder when 3498 is divided by 100?
98
What is the remainder when 37 is divided by 14?
9
What is the remainder when 748 is divided by 42?
34
Calculate the remainder when 88 is divided by 2.
0
Calculate the remainder when 578 is divided by 563.
15
Calculate the remainder when 109 is divided by 47.
15
Calculate the remainder when 2225 is divided by 82.
11
What is the remainder when 647 is divided by 81?
80
What is the remainder when 173 is divided by 25?
23
Calculate the remainder when 567 is divided by 95.
92
What is the remainder when 612 is divided by 225?
162
Calculate the remainder when 1085 is divided by 11.
7
Calculate the remainder when 35 is divided by 13.
9
Calculate the remainder when 62 is divided by 27.
8
What is the remainder when 490 is divided by 26?
22
Calculate the remainder when 64 is divided by 16.
0
What is the remainder when 132 is divided by 106?
26
What is the remainder when 604 is divided by 190?
34
What is the remainder when 2224 is divided by 106?
104
What is the remainder when 800 is divided by 74?
60
Calculate the remainder when 336 is divided by 13.
11
Calculate the remainder when 393 is divided by 189.
15
What is the remainder when 441 is divided by 133?
42
What is the remainder when 3836 is divided by 16?
12
What is the remainder when 2481 is divided by 34?
33
What is the remainder when 1737 is divided by 12?
9
Calculate the remainder when 4067 is divided by 13.
11
Calculate the remainder when 115 is divided by 49.
17
What is the remainder when 254 is divided by 33?
23
Calculate the remainder when 174 is divided by 18.
12
Calculate the remainder when 27 is divided by 7.
6
What is the remainder when 166 is divided by 8?
6
What is the remainder when 119 is divided by 6?
5
Calculate the remainder when 249 is divided by 84.
81
Calculate the remainder when 5 is divided by 4.
1
Calculate the remainder when 603 is divided by 42.
15
What is the remainder when 148 is divided by 15?
13
Calculate the remainder when 1096 is divided by 61.
59
Calculate the remainder when 798 is divided by 50.
48
What is the remainder when 193 is divided by 42?
25
Calculate the remainder when 234 is divided by 58.
2
Calculate the remainder when 288 is divided by 267.
21
Calculate the remainder when 8174 is divided by 2043.
2
Calculate the remainder when 12 is divided by 8.
4
What is the remainder when 77 is divided by 21?
14
What is the remainder when 673 is divided by 52?
49
Calculate the remainder when 350 is divided by 92.
74
Calculate the remainder when 11499 is divided by 245.
229
Calculate the remainder when 87 is divided by 17.
2
Calculate the remainder when 671 is divided by 32.
31
Calculate the remainder when 291 is divided by 7.
4
Calculate the remainder when 4047 is divided by 135.
132
Calculate the remainder when 2984 is divided by 991.
11
Calculate the remainder when 727 is divided by 104.
103
What is the remainder when 68 is divided by 56?
12
Calculate the remainder when 131 is divided by 12.
11
Calculate the remainder when 123 is divided by 102.
21
Calculate the remainder when 45 is divided by 10.
5
Calculate the remainder when 80 is divided by 48.
32
What is the remainder when 630 is divided by 311?
8
Calculate the remainder when 3099 is divided by 2.
1
What is the remainder when 30476 is divided by 60?
56
What is the remainder when 70 is divided by 26?
18
What is the remainder when 175 is divided by 22?
21
What is the remainder when 627 is divided by 17?
15
Calculate the remainder when 278 is divided by 31.
30
Calculate the remainder when 760 is divided by 127.
125
What is the remainder when 1201 is divided by 134?
129
Calculate the remainder when 538 is divided by 34.
28
What is the remainder when 227 is divided by 6?
5
Calculate the remainder when 322 is divided by 92.
46
What is the remainder when 79 is divided by 12?
7
Calculate the remainder when 40 is divided by 19.
2
What is the remainder when 581 is divided by 218?
145
Calculate the remainder when 332 is divided by 63.
17
What is the remainder when 315 is divided by 25?
15
What is the remainder when 2709 is divided by 13?
5
What is the remainder when 3012 is divided by 215?
2
What is the remainder when 1939 is divided by 20?
19
What is the remainder when 147 is divided by 46?
9
Calculate the remainder when 110 is divided by 8.
6
What is the remainder when 406 is divided by 215?
191
What is the remainder when 79 is divided by 16?
15
What is the remainder when 46 is divided by 12?
10
What is the remainder when 330 is divided by 178?
152
Calculate the remainder when 108 is divided by 16.
12
Calculate the remainder when 2350 is divided by 49.
47
What is the remainder when 3171 is divided by 3156?
15
Calculate the remainder when 1131 is divided by 16.
11
Calculate the remainder when 192 is divided by 107.
85
Calculate the remainder when 996 is divided by 493.
10
Calculate the remainder when 201 is divided by 60.
21
What is the remainder when 271 is divided by 51?
16
Calculate the remainder when 37 is divided by 5.
2
What is the remainder when 199 is divided by 10?
9
What is the remainder when 384 is divided by 77?
76
What is the remainder when 33 is divided by 25?
8
What is the remainder when 183 is divided by 56?
15
Calculate the remainder when 984 is divided by 243.
12
Calculate the remainder when 3459 is divided by 64.
3
What is the remainder when 5045 is divided by 20?
5
Calculate the remainder when 618 is divided by 31.
29
Calculate the remainder when 12771 is divided by 206.
205
What is the remainder when 390 is divided by 127?
9
What is the remainder when 1045 is divided by 348?
1
What is the remainder when 139 is divided by 13?
9
What is the remainder when 288 is divid